?
True
Does 215 divide 6803460?
True
Is 66 a factor of 7150242?
True
Is 40 a factor of 6053631?
False
Does 34 divide 5508?
True
Does 137 divide 13868?
False
Is 20 a factor of 502480?
True
Does 10 divide 585267?
False
Is 15 a factor of 100200?
True
Does 697 divide 4325582?
True
Does 94 divide 517282?
True
Is 546471 a multiple of 3?
True
Is 357178 a multiple of 386?
False
Is 26 a factor of 1355744?
True
Does 32 divide 69290?
False
Is 63 a factor of 75411?
True
Is 739842 a multiple of 588?
False
Is 1961232 a multiple of 28?
True
Is 2799448 a multiple of 269?
False
Is 17 a factor of 506175?
True
Is 281 a factor of 10787907?
False
Is 52280 a multiple of 40?
True
Is 9 a factor of 363212?
False
Is 61 a factor of 196182?
False
Is 8 a factor of 9833992?
True
Does 16 divide 209513?
False
Is 6 a factor of 1115360?
False
Is 467635 a multiple of 206?
False
Does 255 divide 2183565?
True
Does 7 divide 1094463?
False
Is 1194120 a multiple of 248?
True
Does 7 divide 2639154?
True
Does 66 divide 14543684?
False
Is 66867 a multiple of 93?
True
Is 3 a factor of 1617149?
False
Is 54 a factor of 117329?
False
Is 8840 a multiple of 40?
True
Is 13 a factor of 279601?
False
Is 38 a factor of 269007?
False
Is 401148 a multiple of 6?
True
Is 23 a factor of 1170217?
True
Is 189 a factor of 1631070?
True
Is 8 a factor of 15224?
True
Does 13 divide 197795?
True
Does 11 divide 643126?
True
Is 8073 a multiple of 78?
False
Is 314 a factor of 12640698?
True
Is 221 a factor of 3221738?
True
Is 6 a factor of 310732?
False
Does 10 divide 50150?
True
Does 30 divide 26975?
False
Is 8 a factor of 15808?
True
Is 29 a factor of 471018?
True
Is 615 a factor of 22316755?
False
Does 9 divide 6766?
False
Does 121 divide 17666?
True
Does 306 divide 553554?
True
Is 481 a factor of 144734?
False
Is 120 a factor of 45184?
False
Is 93068 a multiple of 212?
True
Does 81 divide 1173110?
False
Does 51 divide 42177?
True
Is 41216 a multiple of 46?
True
Is 10263232 a multiple of 739?
True
Is 3253563 a multiple of 28?
False
Does 79 divide 8703746?
True
Is 1079868 a multiple of 12?
True
Does 144 divide 1237392?
True
Does 4 divide 2227716?
True
Does 570 divide 1328670?
True
Does 56 divide 3841996?
False
Is 76772 a multiple of 68?
True
Does 3 divide 22508?
False
Is 13 a factor of 572780?
True
Is 11876768 a multiple of 844?
True
Is 12789072 a multiple of 12?
True
Is 1208772 a multiple of 4?
True
Is 254 a factor of 2841292?
False
Does 124 divide 1697932?
True
Is 5841662 a multiple of 523?
False
Does 9 divide 304389?
True
Is 18 a factor of 2102322?
False
Is 372 a factor of 1597387?
False
Is 251469 a multiple of 408?
False
Is 9 a factor of 730043?
False
Is 19560 a multiple of 60?
True
Is 11802575 a multiple of 371?
False
Is 25 a factor of 513772?
False
Does 93 divide 230979?
False
Does 4 divide 166686?
False
Is 3562336 a multiple of 12?
False
Is 30 a factor of 3088154?
False
Is 29 a factor of 1106828?
False
Does 9 divide 15980579?
False
Does 9 divide 812680?
False
Is 8 a factor of 2068405?
False
Is 45 a factor of 16260210?
True
Is 232806 a multiple of 14?
True
Is 14236460 a multiple of 73?
True
Is 353 a factor of 259950?
False
Does 2 divide 1013227?
False
Is 95 a factor of 2608700?
True
Does 255 divide 2068309?
False
Is 921917 a multiple of 16?
False
Does 2 divide 45335?
False
Is 12 a factor of 1894368?
True
Does 4 divide 96624?
True
Is 18 a factor of 78066?
True
Does 91 divide 400946?
True
Does 14 divide 270655?
False
Is 230 a factor of 6111317?
False
Is 6 a factor of 12402?
True
Is 5755571 a multiple of 18?
False
Is 256494 a multiple of 62?
True
Is 22 a factor of 409376?
True
Is 26 a factor of 522808?
True
Is 740479 a multiple of 2?
False
Is 455 a multiple of 23?
False
Does 3 divide 1966257?
True
Is 1177806 a multiple of 406?
True
Is 597502 a multiple of 175?
False
Does 48 divide 90384?
True
Is 12 a factor of 1611372?
True
Is 576 a factor of 117846?
False
Is 13970 a multiple of 22?
True
Does 700 divide 487900?
True
Is 18 a factor of 11536020?
True
Is 1158164 a multiple of 196?
True
Does 102 divide 45900?
True
Is 1358258 a multiple of 642?
False
Is 62139 a multiple of 39?
False
Does 11 divide 1262708?
False
Is 12191513 a multiple of 66?
False
Is 548135 a multiple of 47?
False
Does 305 divide 13992485?
True
Does 24 divide 180000?
True
Does 28 divide 206920?
True
Is 113 a factor of 342503?
True
Is 1452486 a multiple of 3?
True
Does 82 divide 645401?
False
Is 1342399 a multiple of 186?
False
Is 85921 a multiple of 42?
False
Is 498 a factor of 73704?
True
Is 15 a factor of 357210?
True
Does 78 divide 1180374?
True
Is 24845223 a multiple of 74?
False
Is 354149 a multiple of 10?
False
Is 1052040 a multiple of 440?
True
Does 47 divide 2166418?
True
Is 757770 a multiple of 201?
True
Does 27 divide 22023360?
True
Is 2 a factor of 11690?
True
Is 497 a factor of 903049?
True
Does 42 divide 1325394?
True
Is 7471033 a multiple of 43?
False
Is 36050 a multiple of 7?
True
Is 213 a factor of 1859490?
True
Is 516340 a multiple of 25?
False
Does 172 divide 2129360?
True
Is 2007028 a multiple of 764?
True
Is 22 a factor of 738870?
True
Is 38 a factor of 2260866?
False
Is 10168230 a multiple of 57?
True
Is 119 a factor of 92420?
False
Is 102940 a multiple of 20?
True
Is 27900 a multiple of 36?
True
Does 718 divide 1713148?
True
Is 110 a factor of 501160?
True
Is 756 a factor of 3959111?
False
Is 77 a factor of 62524?
True
Is 1571962 a multiple of 94?
True
Does 25 divide 451875?
True
Is 48 a factor of 34162?
False
Is 102 a factor of 624979?
False
Is 674 a factor of 1600274?
False
Is 899052 a multiple of 44?
True
Is 274 a factor of 4469450?
False
Is 386 a factor of 428248?
False
Is 686 a factor of 4122860?
True
Is 251008 a multiple of 32?
True
Is 21 a factor of 199247?
False
Is 3595821 a multiple of 609?
False
Does 43 divide 32288?
False
Is 524272 a multiple of 496?
True
Is 110124 a multiple of 28?
True
Is 51 a factor of 2286789?
True
Is 171780 a multiple of 30?
True
Does 416 divide 8084960?
True
Does 2 divide 697680?
True
Is 127 a factor of 391541?
True
Is 40 a factor of 682840?
True
Does 10 divide 428390?
True
Does 2020 divide 7869920?
True
Is 16 a factor of 14365926?
False
Is 3036212 a multiple of 80?
False
Does 17 divide 10432866?
True
Is 4 a factor of 180614?
False
Is 44 a factor of 301265?
False
Is 146 a factor of 459030?
False
Is 10 a factor of 218030?
True
Does 116 divide 774219?
False
Does 4 divide 411769?
False
Is 2 a factor of 10952?
True
Is 197 a factor of 541947?
True
Is 543378 a multiple of 33?
True
Does 11 divide 2263546?
False
Is 1282776 a multiple of 818?
False
Is 831606 a multiple of 13?
False
Does 23 divide 198260?
True
Does 24 divide 31128?
True
Does 108 divide 2068541?
False
Does 530 divide 303690?
True
Is 35 a factor of 1570352?
False
Is 192922 a multiple of 246?
False
Does 268 divide 92460?
True
Is 228290 a multiple of 417?
False
Is 60 a factor of 180403?
False
Is 3436728 a multiple of 24?
True
Does 19 divide 46612?
False
Does 17 divide 249968?
True
Is 30 a factor of 790740?
True
Is 3133078 a multiple of 11?
False
Does 112 divide 439936?
True
Is 10 a factor of 1092837?
False
Is 5613575 a multiple of 5?
True
Is 116 a factor of 7719?
False
Is 2986999 a multiple of 59?
False
Does 24 divide 1012461?
False
Is 17 a factor of 196996?
True
Does 17 divide 181852?
False
Is 112 a factor of 243077?
False
Is 226382 a multiple of 227?
False
Does 141 divide 53580?
True
Is 699510 a multiple of 105?
True
Is 893509 a multiple of 697?
False
Is 110 a factor of 568274?
False
Is 698 a factor of 908493?
False
Does 4 divide 605440?
True
Is 402 a factor of 2946842?
False
Is 79 a factor of 1225448?
True
Is 28 a factor of 5005476?
True
Is 79 a factor of 52733?
False
Does 8 divide 177040?
True
Is 36723 a multiple of 8?
False
Does 1224 divide 1833266?
False
Is 363 a factor of 1144539?
True
Is 118980 a multiple of 9?
True
Does 7 divide 262852?
False
Does 427 divide 1866342?
False
Is 170396 a multiple of 18?
False
Does 201 divide 5628264?
False
Does 62 divide 792360?
True
Is 942 a factor of 26294304?
False
Is 17894065 a multiple of 49?
True
Does 82 divide 1280936?
False
Is 6 a factor of 989185?
False
Is 53169 a multiple of 32?
False
Does 131 divide 330251?
True
Does 5 divide 179108?
False
Is 24 a factor of 272784?
True
Is 479468 